{"id":930,"date":"2023-10-10T06:18:00","date_gmt":"2023-10-10T06:18:00","guid":{"rendered":"https:\/\/yensaonhannghia.com\/?page_id=930"},"modified":"2023-10-10T06:25:44","modified_gmt":"2023-10-10T06:25:44","slug":"tu-van-san-pham","status":"publish","type":"page","link":"https:\/\/yensaonhannghia.com\/index.php\/tu-van-san-pham\/","title":{"rendered":"T\u01af V\u1ea4N S\u1ea2N PH\u1ea8M"},"content":{"rendered":"\t\t<div data-elementor-type=\"wp-page\" data-elementor-id=\"930\" class=\"elementor elementor-930\">\n\t\t\t\t\t\t\t\t\t<section class=\"elementor-section elementor-top-section elementor-element elementor-element-9ee7da8 elementor-section-boxed elementor-section-height-default elementor-section-height-default\" data-id=\"9ee7da8\" data-element_type=\"section\">\n\t\t\t\t\t\t<div class=\"elementor-container elementor-column-gap-default\">\n\t\t\t\t\t<div class=\"elementor-column elementor-col-25 elementor-top-column elementor-element elementor-element-7b7de51\" data-id=\"7b7de51\" data-element_type=\"column\">\n\t\t\t<div class=\"elementor-widget-wrap elementor-element-populated\">\n\t\t\t\t\t\t\t\t<div class=\"elementor-element elementor-element-def9c29 elementor-widget elementor-widget-image\" data-id=\"def9c29\" data-element_type=\"widget\" data-widget_type=\"image.default\">\n\t\t\t\t<div class=\"elementor-widget-container\">\n\t\t\t<style>\/*! elementor - v3.18.0 - 06-12-2023 *\/\n.elementor-widget-image{text-align:center}.elementor-widget-image a{display:inline-block}.elementor-widget-image a img[src$=\".svg\"]{width:48px}.elementor-widget-image img{vertical-align:middle;display:inline-block}<\/style>\t\t\t\t\t\t\t\t\t<figure class=\"wp-caption\">\n\t\t\t\t\t\t\t\t\t\t\t<a href=\"https:\/\/yensaonhannghia.com\/index.php\/dep-dang-sang-da-cung-yen-sao\/\" target=\"_blank\">\n\t\t\t\t\t\t\t<img fetchpriority=\"high\" decoding=\"async\" width=\"1024\" height=\"1024\" src=\"https:\/\/yensaonhannghia.com\/wp-content\/uploads\/IMG_4798-1024x1024.jpg\" class=\"attachment-large size-large wp-image-780\" alt=\"\" srcset=\"https:\/\/yensaonhannghia.com\/wp-content\/uploads\/IMG_4798-1024x1024.jpg 1024w, https:\/\/yensaonhannghia.com\/wp-content\/uploads\/IMG_4798-300x300.jpg 300w, https:\/\/yensaonhannghia.com\/wp-content\/uploads\/IMG_4798-150x150.jpg 150w, https:\/\/yensaonhannghia.com\/wp-content\/uploads\/IMG_4798-768x768.jpg 768w, https:\/\/yensaonhannghia.com\/wp-content\/uploads\/IMG_4798-1320x1320.jpg 1320w, https:\/\/yensaonhannghia.com\/wp-content\/uploads\/IMG_4798-600x600.jpg 600w, https:\/\/yensaonhannghia.com\/wp-content\/uploads\/IMG_4798-100x100.jpg 100w, https:\/\/yensaonhannghia.com\/wp-content\/uploads\/IMG_4798.jpg 1440w\" sizes=\"(max-width: 1024px) 100vw, 1024px\" \/>\t\t\t\t\t\t\t\t<\/a>\n\t\t\t\t\t\t\t\t\t\t\t<figcaption class=\"widget-image-caption wp-caption-text\">\u0110\u1eb8P D\u00c1NG S\u00c1NG DA C\u00d9NG Y\u1ebeN S\u00c0O<\/figcaption>\n\t\t\t\t\t\t\t\t\t\t<\/figure>\n\t\t\t\t\t\t\t\t\t<\/div>\n\t\t\t\t<\/div>\n\t\t\t\t\t<\/div>\n\t\t<\/div>\n\t\t\t\t<div class=\"elementor-column elementor-col-25 elementor-top-column elementor-element elementor-element-9dc71b4\" data-id=\"9dc71b4\" data-element_type=\"column\">\n\t\t\t<div class=\"elementor-widget-wrap elementor-element-populated\">\n\t\t\t\t\t\t\t\t<div class=\"elementor-element elementor-element-fb94130 elementor-widget elementor-widget-image\" data-id=\"fb94130\" data-element_type=\"widget\" data-widget_type=\"image.default\">\n\t\t\t\t<div class=\"elementor-widget-container\">\n\t\t\t\t\t\t\t\t\t\t\t\t<figure class=\"wp-caption\">\n\t\t\t\t\t\t\t\t\t\t\t<a href=\"https:\/\/yensaonhannghia.com\/index.php\/cach-lam-yen-chung-qua-le-thom-ngon-ho-tro-tri-ho\/\">\n\t\t\t\t\t\t\t<img decoding=\"async\" width=\"1024\" height=\"1024\" src=\"https:\/\/yensaonhannghia.com\/wp-content\/uploads\/HO-1024x1024.png\" class=\"attachment-large size-large wp-image-881\" alt=\"\" srcset=\"https:\/\/yensaonhannghia.com\/wp-content\/uploads\/HO-1024x1024.png 1024w, https:\/\/yensaonhannghia.com\/wp-content\/uploads\/HO-300x300.png 300w, https:\/\/yensaonhannghia.com\/wp-content\/uploads\/HO-150x150.png 150w, https:\/\/yensaonhannghia.com\/wp-content\/uploads\/HO-768x768.png 768w, https:\/\/yensaonhannghia.com\/wp-content\/uploads\/HO-1536x1536.png 1536w, https:\/\/yensaonhannghia.com\/wp-content\/uploads\/HO-2048x2048.png 2048w, https:\/\/yensaonhannghia.com\/wp-content\/uploads\/HO-1320x1320.png 1320w, https:\/\/yensaonhannghia.com\/wp-content\/uploads\/HO-600x600.png 600w, https:\/\/yensaonhannghia.com\/wp-content\/uploads\/HO-100x100.png 100w\" sizes=\"(max-width: 1024px) 100vw, 1024px\" \/>\t\t\t\t\t\t\t\t<\/a>\n\t\t\t\t\t\t\t\t\t\t\t<figcaption class=\"widget-image-caption wp-caption-text\">PH\u01af\u01a0NG PH\u00c1P H\u1ed6 TR\u1ee2 TR\u1eca HO<\/figcaption>\n\t\t\t\t\t\t\t\t\t\t<\/figure>\n\t\t\t\t\t\t\t\t\t<\/div>\n\t\t\t\t<\/div>\n\t\t\t\t\t<\/div>\n\t\t<\/div>\n\t\t\t\t<div class=\"elementor-column elementor-col-25 elementor-top-column elementor-element elementor-element-25dbf6f\" data-id=\"25dbf6f\" data-element_type=\"column\">\n\t\t\t<div class=\"elementor-widget-wrap elementor-element-populated\">\n\t\t\t\t\t\t\t\t<div class=\"elementor-element elementor-element-9b00720 elementor-widget elementor-widget-image\" data-id=\"9b00720\" data-element_type=\"widget\" data-widget_type=\"image.default\">\n\t\t\t\t<div class=\"elementor-widget-container\">\n\t\t\t\t\t\t\t\t\t\t\t\t<figure class=\"wp-caption\">\n\t\t\t\t\t\t\t\t\t\t\t<a href=\"https:\/\/yensaonhannghia.com\/index.php\/nguoi-an-chay-co-dung-duoc-yen-sao-khong\/\">\n\t\t\t\t\t\t\t<img decoding=\"async\" src=\"https:\/\/yensaonhannghia.com\/wp-content\/uploads\/14-edited.png\" title=\"\" alt=\"\" loading=\"lazy\" \/>\t\t\t\t\t\t\t\t<\/a>\n\t\t\t\t\t\t\t\t\t\t\t<figcaption class=\"widget-image-caption wp-caption-text\">NG\u01af\u1edcI \u0102N CHAY C\u00d3 D\u00d9NG \u0110\u01af\u1ee2C Y\u1ebeN?<\/figcaption>\n\t\t\t\t\t\t\t\t\t\t<\/figure>\n\t\t\t\t\t\t\t\t\t<\/div>\n\t\t\t\t<\/div>\n\t\t\t\t\t<\/div>\n\t\t<\/div>\n\t\t\t\t<div class=\"elementor-column elementor-col-25 elementor-top-column elementor-element elementor-element-d1cf9da\" data-id=\"d1cf9da\" data-element_type=\"column\">\n\t\t\t<div class=\"elementor-widget-wrap elementor-element-populated\">\n\t\t\t\t\t\t\t\t<div class=\"elementor-element elementor-element-cf3cbfe elementor-widget elementor-widget-image\" data-id=\"cf3cbfe\" data-element_type=\"widget\" data-widget_type=\"image.default\">\n\t\t\t\t<div class=\"elementor-widget-container\">\n\t\t\t\t\t\t\t\t\t\t\t\t<figure class=\"wp-caption\">\n\t\t\t\t\t\t\t\t\t\t<img decoding=\"async\" width=\"1024\" height=\"1024\" src=\"https:\/\/yensaonhannghia.com\/wp-content\/uploads\/Yen-tinh-che-7-1024x1024.png\" class=\"attachment-large size-large wp-image-665\" alt=\"\" srcset=\"https:\/\/yensaonhannghia.com\/wp-content\/uploads\/Yen-tinh-che-7-1024x1024.png 1024w, https:\/\/yensaonhannghia.com\/wp-content\/uploads\/Yen-tinh-che-7-300x300.png 300w, https:\/\/yensaonhannghia.com\/wp-content\/uploads\/Yen-tinh-che-7-150x150.png 150w, https:\/\/yensaonhannghia.com\/wp-content\/uploads\/Yen-tinh-che-7-768x768.png 768w, https:\/\/yensaonhannghia.com\/wp-content\/uploads\/Yen-tinh-che-7-1536x1536.png 1536w, https:\/\/yensaonhannghia.com\/wp-content\/uploads\/Yen-tinh-che-7-2048x2048.png 2048w, https:\/\/yensaonhannghia.com\/wp-content\/uploads\/Yen-tinh-che-7-1320x1320.png 1320w, https:\/\/yensaonhannghia.com\/wp-content\/uploads\/Yen-tinh-che-7-600x600.png 600w, https:\/\/yensaonhannghia.com\/wp-content\/uploads\/Yen-tinh-che-7-100x100.png 100w\" sizes=\"(max-width: 1024px) 100vw, 1024px\" \/>\t\t\t\t\t\t\t\t\t\t\t<figcaption class=\"widget-image-caption wp-caption-text\">Y\u1ebeN S\u00c0O H\u1ed6 TR\u1ee2 TR\u1eca UNG TH\u01af<\/figcaption>\n\t\t\t\t\t\t\t\t\t\t<\/figure>\n\t\t\t\t\t\t\t\t\t<\/div>\n\t\t\t\t<\/div>\n\t\t\t\t\t<\/div>\n\t\t<\/div>\n\t\t\t\t\t\t\t<\/div>\n\t\t<\/section>\n\t\t\t\t\t\t\t<\/div>\n\t\t","protected":false},"excerpt":{"rendered":"<p>\u0110\u1eb8P D\u00c1NG S\u00c1NG DA C\u00d9NG Y\u1ebeN S\u00c0O PH\u01af\u01a0NG PH\u00c1P H\u1ed6 TR\u1ee2 TR\u1eca HO NG\u01af\u1edcI \u0102N CHAY C\u00d3 D\u00d9NG \u0110\u01af\u1ee2C Y\u1ebeN? Y\u1ebeN S\u00c0O H\u1ed6 TR\u1ee2 TR\u1eca UNG TH\u01af<\/p>\n","protected":false},"author":1,"featured_media":0,"parent":0,"menu_order":0,"comment_status":"closed","ping_status":"closed","template":"","meta":{"footnotes":""},"class_list":["post-930","page","type-page","status-publish","hentry"],"yoast_head":"<!-- This site is optimized with the Yoast SEO plugin v21.6 - https:\/\/yoast.com\/wordpress\/plugins\/seo\/ -->\n<title>T\u01af V\u1ea4N S\u1ea2N PH\u1ea8M - Y\u1ebeN S\u00c0O NH\u00c2N NGH\u0128A<\/title>\n<meta name=\"robots\" content=\"index, follow, max-snippet:-1, max-image-preview:large, max-video-preview:-1\" \/>\n<link rel=\"canonical\" href=\"https:\/\/yensaonhannghia.com\/index.php\/tu-van-san-pham\/\" \/>\n<meta property=\"og:locale\" content=\"vi_VN\" \/>\n<meta property=\"og:type\" content=\"article\" \/>\n<meta property=\"og:title\" content=\"T\u01af V\u1ea4N S\u1ea2N PH\u1ea8M - Y\u1ebeN S\u00c0O NH\u00c2N NGH\u0128A\" \/>\n<meta property=\"og:description\" content=\"\u0110\u1eb8P D\u00c1NG S\u00c1NG DA C\u00d9NG Y\u1ebeN S\u00c0O PH\u01af\u01a0NG PH\u00c1P H\u1ed6 TR\u1ee2 TR\u1eca HO NG\u01af\u1edcI \u0102N CHAY C\u00d3 D\u00d9NG \u0110\u01af\u1ee2C Y\u1ebeN? Y\u1ebeN S\u00c0O H\u1ed6 TR\u1ee2 TR\u1eca UNG TH\u01af\" \/>\n<meta property=\"og:url\" content=\"https:\/\/yensaonhannghia.com\/index.php\/tu-van-san-pham\/\" \/>\n<meta property=\"og:site_name\" content=\"Y\u1ebeN S\u00c0O NH\u00c2N NGH\u0128A\" \/>\n<meta property=\"article:modified_time\" content=\"2023-10-10T06:25:44+00:00\" \/>\n<meta property=\"og:image\" content=\"https:\/\/yensaonhannghia.com\/wp-content\/uploads\/IMG_4798-1024x1024.jpg\" \/>\n<meta name=\"twitter:card\" content=\"summary_large_image\" \/>\n<script type=\"application\/ld+json\" class=\"yoast-schema-graph\">{\"@context\":\"https:\/\/schema.org\",\"@graph\":[{\"@type\":\"WebPage\",\"@id\":\"https:\/\/yensaonhannghia.com\/index.php\/tu-van-san-pham\/\",\"url\":\"https:\/\/yensaonhannghia.com\/index.php\/tu-van-san-pham\/\",\"name\":\"T\u01af V\u1ea4N S\u1ea2N PH\u1ea8M - Y\u1ebeN S\u00c0O NH\u00c2N NGH\u0128A\",\"isPartOf\":{\"@id\":\"https:\/\/yensaonhannghia.com\/#website\"},\"datePublished\":\"2023-10-10T06:18:00+00:00\",\"dateModified\":\"2023-10-10T06:25:44+00:00\",\"breadcrumb\":{\"@id\":\"https:\/\/yensaonhannghia.com\/index.php\/tu-van-san-pham\/#breadcrumb\"},\"inLanguage\":\"vi\",\"potentialAction\":[{\"@type\":\"ReadAction\",\"target\":[\"https:\/\/yensaonhannghia.com\/index.php\/tu-van-san-pham\/\"]}]},{\"@type\":\"BreadcrumbList\",\"@id\":\"https:\/\/yensaonhannghia.com\/index.php\/tu-van-san-pham\/#breadcrumb\",\"itemListElement\":[{\"@type\":\"ListItem\",\"position\":1,\"name\":\"Trang ch\u1ee7\",\"item\":\"https:\/\/yensaonhannghia.com\/\"},{\"@type\":\"ListItem\",\"position\":2,\"name\":\"T\u01af V\u1ea4N S\u1ea2N PH\u1ea8M\"}]},{\"@type\":\"WebSite\",\"@id\":\"https:\/\/yensaonhannghia.com\/#website\",\"url\":\"https:\/\/yensaonhannghia.com\/\",\"name\":\"Y\u1ebeN S\u00c0O NH\u00c2N NGH\u0128A\",\"description\":\"Y\u1ebfn S\u00e0o Nh\u00e2n Ngh\u0129a\",\"publisher\":{\"@id\":\"https:\/\/yensaonhannghia.com\/#organization\"},\"potentialAction\":[{\"@type\":\"SearchAction\",\"target\":{\"@type\":\"EntryPoint\",\"urlTemplate\":\"https:\/\/yensaonhannghia.com\/?s={search_term_string}\"},\"query-input\":\"required name=search_term_string\"}],\"inLanguage\":\"vi\"},{\"@type\":\"Organization\",\"@id\":\"https:\/\/yensaonhannghia.com\/#organization\",\"name\":\"Y\u1ebeN S\u00c0O NH\u00c2N NGH\u0128A\",\"url\":\"https:\/\/yensaonhannghia.com\/\",\"logo\":{\"@type\":\"ImageObject\",\"inLanguage\":\"vi\",\"@id\":\"https:\/\/yensaonhannghia.com\/#\/schema\/logo\/image\/\",\"url\":\"https:\/\/yensaonhannghia.com\/wp-content\/uploads\/383231099_871648821188769_7377963593789884731_n.jpeg\",\"contentUrl\":\"https:\/\/yensaonhannghia.com\/wp-content\/uploads\/383231099_871648821188769_7377963593789884731_n.jpeg\",\"width\":591,\"height\":591,\"caption\":\"Y\u1ebeN S\u00c0O NH\u00c2N NGH\u0128A\"},\"image\":{\"@id\":\"https:\/\/yensaonhannghia.com\/#\/schema\/logo\/image\/\"}}]}<\/script>\n<!-- \/ Yoast SEO plugin. -->","yoast_head_json":{"title":"T\u01af V\u1ea4N S\u1ea2N PH\u1ea8M - Y\u1ebeN S\u00c0O NH\u00c2N NGH\u0128A","robots":{"index":"index","follow":"follow","max-snippet":"max-snippet:-1","max-image-preview":"max-image-preview:large","max-video-preview":"max-video-preview:-1"},"canonical":"https:\/\/yensaonhannghia.com\/index.php\/tu-van-san-pham\/","og_locale":"vi_VN","og_type":"article","og_title":"T\u01af V\u1ea4N S\u1ea2N PH\u1ea8M - Y\u1ebeN S\u00c0O NH\u00c2N NGH\u0128A","og_description":"\u0110\u1eb8P D\u00c1NG S\u00c1NG DA C\u00d9NG Y\u1ebeN S\u00c0O PH\u01af\u01a0NG PH\u00c1P H\u1ed6 TR\u1ee2 TR\u1eca HO NG\u01af\u1edcI \u0102N CHAY C\u00d3 D\u00d9NG \u0110\u01af\u1ee2C Y\u1ebeN? Y\u1ebeN S\u00c0O H\u1ed6 TR\u1ee2 TR\u1eca UNG TH\u01af","og_url":"https:\/\/yensaonhannghia.com\/index.php\/tu-van-san-pham\/","og_site_name":"Y\u1ebeN S\u00c0O NH\u00c2N NGH\u0128A","article_modified_time":"2023-10-10T06:25:44+00:00","og_image":[{"url":"https:\/\/yensaonhannghia.com\/wp-content\/uploads\/IMG_4798-1024x1024.jpg"}],"twitter_card":"summary_large_image","schema":{"@context":"https:\/\/schema.org","@graph":[{"@type":"WebPage","@id":"https:\/\/yensaonhannghia.com\/index.php\/tu-van-san-pham\/","url":"https:\/\/yensaonhannghia.com\/index.php\/tu-van-san-pham\/","name":"T\u01af V\u1ea4N S\u1ea2N PH\u1ea8M - Y\u1ebeN S\u00c0O NH\u00c2N NGH\u0128A","isPartOf":{"@id":"https:\/\/yensaonhannghia.com\/#website"},"datePublished":"2023-10-10T06:18:00+00:00","dateModified":"2023-10-10T06:25:44+00:00","breadcrumb":{"@id":"https:\/\/yensaonhannghia.com\/index.php\/tu-van-san-pham\/#breadcrumb"},"inLanguage":"vi","potentialAction":[{"@type":"ReadAction","target":["https:\/\/yensaonhannghia.com\/index.php\/tu-van-san-pham\/"]}]},{"@type":"BreadcrumbList","@id":"https:\/\/yensaonhannghia.com\/index.php\/tu-van-san-pham\/#breadcrumb","itemListElement":[{"@type":"ListItem","position":1,"name":"Trang ch\u1ee7","item":"https:\/\/yensaonhannghia.com\/"},{"@type":"ListItem","position":2,"name":"T\u01af V\u1ea4N S\u1ea2N PH\u1ea8M"}]},{"@type":"WebSite","@id":"https:\/\/yensaonhannghia.com\/#website","url":"https:\/\/yensaonhannghia.com\/","name":"Y\u1ebeN S\u00c0O NH\u00c2N NGH\u0128A","description":"Y\u1ebfn S\u00e0o Nh\u00e2n Ngh\u0129a","publisher":{"@id":"https:\/\/yensaonhannghia.com\/#organization"},"potentialAction":[{"@type":"SearchAction","target":{"@type":"EntryPoint","urlTemplate":"https:\/\/yensaonhannghia.com\/?s={search_term_string}"},"query-input":"required name=search_term_string"}],"inLanguage":"vi"},{"@type":"Organization","@id":"https:\/\/yensaonhannghia.com\/#organization","name":"Y\u1ebeN S\u00c0O NH\u00c2N NGH\u0128A","url":"https:\/\/yensaonhannghia.com\/","logo":{"@type":"ImageObject","inLanguage":"vi","@id":"https:\/\/yensaonhannghia.com\/#\/schema\/logo\/image\/","url":"https:\/\/yensaonhannghia.com\/wp-content\/uploads\/383231099_871648821188769_7377963593789884731_n.jpeg","contentUrl":"https:\/\/yensaonhannghia.com\/wp-content\/uploads\/383231099_871648821188769_7377963593789884731_n.jpeg","width":591,"height":591,"caption":"Y\u1ebeN S\u00c0O NH\u00c2N NGH\u0128A"},"image":{"@id":"https:\/\/yensaonhannghia.com\/#\/schema\/logo\/image\/"}}]}},"jetpack_sharing_enabled":true,"_links":{"self":[{"href":"https:\/\/yensaonhannghia.com\/index.php\/wp-json\/wp\/v2\/pages\/930","targetHints":{"allow":["GET"]}}],"collection":[{"href":"https:\/\/yensaonhannghia.com\/index.php\/wp-json\/wp\/v2\/pages"}],"about":[{"href":"https:\/\/yensaonhannghia.com\/index.php\/wp-json\/wp\/v2\/types\/page"}],"author":[{"embeddable":true,"href":"https:\/\/yensaonhannghia.com\/index.php\/wp-json\/wp\/v2\/users\/1"}],"replies":[{"embeddable":true,"href":"https:\/\/yensaonhannghia.com\/index.php\/wp-json\/wp\/v2\/comments?post=930"}],"version-history":[{"count":4,"href":"https:\/\/yensaonhannghia.com\/index.php\/wp-json\/wp\/v2\/pages\/930\/revisions"}],"predecessor-version":[{"id":934,"href":"https:\/\/yensaonhannghia.com\/index.php\/wp-json\/wp\/v2\/pages\/930\/revisions\/934"}],"wp:attachment":[{"href":"https:\/\/yensaonhannghia.com\/index.php\/wp-json\/wp\/v2\/media?parent=930"}],"curies":[{"name":"wp","href":"https:\/\/api.w.org\/{rel}","templated":true}]}}